3?
False
Is 116645123 a multiple of 133?
True
Does 11 divide 121545314?
True
Does 1103 divide 28491593?
True
Does 53 divide 822298008?
False
Is 119236128 a multiple of 20?
False
Is 796527424 a multiple of 658?
True
Does 495 divide 60677211?
False
Does 18 divide 72554530?
False
Is 2025275603 a multiple of 5083?
True
Does 1855 divide 1785995855?
True
Does 537 divide 2172509217?
True
Does 411 divide 141681697?
False
Is 249 a factor of 2235537595?
False
Is 165376123 a multiple of 233?
False
Is 1255066650 a multiple of 40?
False
Is 6530684 a multiple of 2?
True
Is 94348310 a multiple of 261?
False
Is 14116536 a multiple of 296?
True
Is 11 a factor of 9877791?
True
Is 206767673 a multiple of 308?
False
Is 56619743 a multiple of 7?
False
Is 723123184 a multiple of 49?
True
Does 2 divide 1573265?
False
Is 645131861 a multiple of 46?
False
Is 61615246 a multiple of 671?
True
Does 66 divide 2984586?
True
Is 775 a factor of 1416575225?
True
Is 89371875 a multiple of 125?
True
Is 10818590 a multiple of 10?
True
Is 822 a factor of 176199022?
False
Is 4837761 a multiple of 2353?
False
Is 72 a factor of 15285356?
False
Is 60874584 a multiple of 271?
False
Is 19 a factor of 10125727?
True
Is 27837917 a multiple of 14?
False
Does 888 divide 160887840?
True
Is 242494630 a multiple of 602?
True
Is 157381314 a multiple of 8?
False
Is 594 a factor of 259371288?
True
Is 5 a factor of 308349990?
True
Does 29 divide 15483494?
False
Is 161 a factor of 175858745?
False
Does 161 divide 481497226?
True
Does 12 divide 30711930?
False
Does 4 divide 39349363?
False
Is 21250815 a multiple of 67?
False
Is 1122651376 a multiple of 14?
True
Is 1407 a factor of 2132588794?
False
Does 13 divide 217230318?
False
Is 571 a factor of 84835408?
False
Does 567 divide 411354768?
False
Is 7 a factor of 10231851?
True
Is 1348173019 a multiple of 498?
False
Is 14163604 a multiple of 52?
True
Is 105 a factor of 1916703705?
True
Does 179 divide 343888535?
True
Is 38 a factor of 28570414?
True
Is 3502638 a multiple of 19?
False
Is 1639 a factor of 27038050?
False
Does 342 divide 3649482?
True
Is 12157311 a multiple of 8?
False
Is 1787242677 a multiple of 1793?
True
Is 125 a factor of 477190057?
False
Does 1055 divide 443244829?
False
Is 20 a factor of 1216781780?
True
Is 108 a factor of 66518727?
False
Is 401457368 a multiple of 26?
True
Is 21 a factor of 496184514?
True
Is 277376979 a multiple of 21?
False
Is 28793352 a multiple of 934?
True
Is 11 a factor of 22925457?
False
Is 290 a factor of 1200954090?
True
Is 2181 a factor of 878683753?
False
Does 1741 divide 514055281?
False
Is 317 a factor of 561099827?
True
Does 1137 divide 1200407079?
True
Is 78250061 a multiple of 268?
False
Does 2801 divide 925474671?
False
Is 1661382 a multiple of 544?
False
Is 480 a factor of 15867901?
False
Does 12 divide 468168267?
False
Is 3979 a factor of 29825803?
False
Is 24259620 a multiple of 33?
True
Is 4981075 a multiple of 9?
False
Is 8655606 a multiple of 178?
True
Does 237 divide 455363031?
True
Is 32 a factor of 676183808?
True
Does 324 divide 38076563?
False
Is 122 a factor of 8959314?
True
Is 1346 a factor of 113672392?
True
Is 1042740 a multiple of 27?
True
Does 256 divide 71920879?
False
Is 497636496 a multiple of 1008?
True
Does 218 divide 6170834?
False
Does 165 divide 1454573768?
False
Is 121 a factor of 41235227?
True
Is 897255743 a multiple of 50?
False
Is 483853848 a multiple of 4?
True
Is 64772763 a multiple of 11?
True
Is 299265523 a multiple of 1121?
True
Is 616 a factor of 79071209?
False
Is 33123996 a multiple of 1862?
False
Is 312 a factor of 180845601?
False
Does 71 divide 212973162?
True
Does 32 divide 387129216?
True
Is 454 a factor of 113073694?
True
Is 53713064 a multiple of 2423?
True
Does 100 divide 57606800?
True
Is 20956836 a multiple of 1385?
False
Is 37634260 a multiple of 17?
True
Is 3457 a factor of 288667625?
False
Is 7692428 a multiple of 10?
False
Is 85125681 a multiple of 2?
False
Is 180547749 a multiple of 217?
False
Does 11 divide 6787627?
True
Does 362 divide 301856295?
False
Is 60 a factor of 957031440?
True
Is 14117691 a multiple of 22?
False
Is 860 a factor of 6075330?
False
Does 7 divide 5133107?
True
Is 1402921869 a multiple of 5791?
True
Is 57054285 a multiple of 78?
False
Is 68451082 a multiple of 2162?
True
Is 15381306 a multiple of 9?
True
Is 4111 a factor of 31704032?
True
Is 52 a factor of 1031162028?
True
Is 200824550 a multiple of 25?
True
Does 99 divide 131769693?
True
Is 61 a factor of 152731340?
False
Is 57438588 a multiple of 604?
True
Is 10 a factor of 148275862?
False
Does 521 divide 2300679881?
False
Does 14 divide 24608438?
False
Is 1099137739 a multiple of 63?
False
Is 980 a factor of 2246160?
True
Does 7 divide 1405519850?
True
Does 308 divide 93830044?
True
Does 48 divide 5241090?
False
Is 27 a factor of 1782423230?
False
Is 418 a factor of 381648486?
False
Does 879 divide 1012394488?
False
Does 108 divide 93966084?
False
Does 120 divide 163838333?
False
Is 70 a factor of 123968399?
False
Is 341 a factor of 13469841?
True
Is 214604056 a multiple of 144?
False
Is 872963514 a multiple of 28?
False
Does 10 divide 1265190?
True
Does 779 divide 608740981?
True
Is 480358268 a multiple of 1566?
False
Does 6 divide 850727664?
True
Is 39971591 a multiple of 278?
False
Is 46 a factor of 310952318?
True
Is 261 a factor of 64361540?
False
Is 545539632 a multiple of 18?
False
Is 1112034924 a multiple of 286?
True
Is 31532408 a multiple of 221?
False
Is 2467502102 a multiple of 481?
True
Does 2243 divide 57777437?
True
Is 55274874 a multiple of 6?
True
Is 18665265 a multiple of 46?
False
Is 701 a factor of 29261255?
False
Is 36957481 a multiple of 186?
False
Does 433 divide 766239398?
True
Is 130 a factor of 4686753?
False
Is 21 a factor of 4651462034?
False
Is 42 a factor of 49636743?
False
Does 542 divide 29415424?
True
Does 17 divide 5193859?
False
Is 648445096 a multiple of 26?
True
Is 821107916 a multiple of 2582?
False
Is 8786 a factor of 4694131364?
True
Is 396 a factor of 113621321?
False
Is 21383057 a multiple of 6?
False
Does 37 divide 162036357?
True
Is 46045147 a multiple of 239?
False
Is 46479184 a multiple of 67?
False
Is 1073 a factor of 382525607?
False
Does 2187 divide 94347180?
True
Is 1314456516 a multiple of 8?
False
Does 727 divide 651747503?
True
Is 352 a factor of 127687967?
False
Is 1030 a factor of 38555633?
False
Is 510843767 a multiple of 18?
False
Is 1069 a factor of 1434416270?
True
Is 18122490 a multiple of 366?
True
Is 43407468 a multiple of 156?
True
Does 1383 divide 23556660?
False
Is 322 a factor of 35391020?
True
Is 141483096 a multiple of 556?
True
Is 31 a factor of 463372686?
True
Does 529 divide 400378940?
True
Is 14 a factor of 335660693?
False
Does 77 divide 345884308?
True
Is 83851300 a multiple of 25?
True
Is 103748970 a multiple of 30?
True
Is 11 a factor of 1066208407?
True
Is 207171360 a multiple of 1476?
True
Is 22 a factor of 49723652?
True
Does 121 divide 355698330?
False
Is 15615038 a multiple of 355?
False
Is 332 a factor of 4804065?
False
Does 190 divide 337128210?
True
Does 105 divide 143463936?
False
Is 1769 a factor of 55389159?
True
Does 603 divide 9810025?
False
Is 1273 a factor of 79846413?
False
Is 1418 a factor of 7671926?
False
Is 1220050678 a multiple of 14?
True
Is 393785275 a multiple of 325?
True
Is 3583028977 a multiple of 71?
False
Is 32 a factor of 90597792?
True
Is 328 a factor of 274879416?
True
Is 121655778 a multiple of 164?
False
Does 202 divide 18440310?
False
Is 573193410 a multiple of 155?
True
Does 8 divide 8661248?
True
Does 6 divide 422663322?
True
Is 723707412 a multiple of 9?
False
Is 29894920 a multiple of 3808?
False
Does 1253 divide 221588203?
False
Does 2991 divide 526496757?
True
Is 772 a factor of 4376484?
False
Is 367218424 a multiple of 67?
True
Does 527 divide 125967756?
True
Is 4143706824 a multiple of 7037?
False
Is 54192600 a multiple of 1173?
True
Is 27432292 a multiple of 755?
False
Does 28 divide 12168122?
False
Is 107087433 a multiple of 129?
False
Is 169 a factor of 8967719?
False
Is 45028826 a multiple of 187?
False
Is 17 a factor of 18457087?
True
Is 56442053 a multiple of 1338?
False
Is 62084677 a multiple of 8350?
False
Is 20077285 a multiple of 10?
